 and 130?
10
Calculate the greatest common factor of 3304 and 8013026.
826
Calculate the highest common divisor of 2401 and 1531229.
7
What is the highest common factor of 476939 and 66757?
241
Calculate the highest common factor of 65160116 and 2936.
1468
What is the highest common divisor of 650 and 40580?
10
Calculate the highest common divisor of 121 and 118402493.
121
Calculate the greatest common divisor of 60 and 81671130.
30
What is the greatest common divisor of 323 and 717466657?
323
What is the highest common factor of 76192 and 27424?
32
Calculate the highest common divisor of 116467 and 6917742.
221
What is the greatest common divisor of 11578916 and 15596?
2228
What is the highest common divisor of 588 and 546828?
12
What is the greatest common divisor of 1 and 273253870?
1
What is the greatest common divisor of 39 and 28933346?
13
What is the highest common factor of 2594 and 34930804?
2594
What is the highest common divisor of 4123 and 724261?
19
What is the greatest common factor of 2169 and 232200?
9
What is the greatest common factor of 1775 and 773119?
71
Calculate the highest common factor of 896124305 and 1285.
1285
Calculate the greatest common factor of 154656 and 1535999.
179
What is the highest common factor of 1496 and 56212904?
88
What is the highest common divisor of 2829187 and 107?
107
What is the highest common factor of 1461619250 and 28?
14
Calculate the highest common factor of 12 and 64333332.
12
What is the greatest common divisor of 27 and 102439431?
27
Calculate the highest common divisor of 5883 and 155363.
37
What is the greatest common factor of 363 and 43428?
33
Calculate the highest common factor of 22270112 and 608.
32
What is the highest common factor of 7267 and 11970082?
43
What is the highest common divisor of 378732396 and 168?
84
Calculate the greatest common factor of 2 and 19502497.
1
What is the highest common factor of 167170 and 140160?
730
What is the greatest common divisor of 35994756 and 84?
84
Calculate the highest common factor of 6471 and 1217267.
719
Calculate the greatest common divisor of 2205 and 44129155.
245
Calculate the highest common factor of 10582546 and 191.
191
What is the greatest common factor of 848 and 41162503?
53
What is the highest common factor of 84621 and 64387?
67
Calculate the highest common divisor of 22 and 134286658.
22
Calculate the greatest common divisor of 1919267399 and 7.
7
What is the highest common divisor of 2338177 and 4703093?
2971
Calculate the highest common divisor of 44726961 and 116.
29
Calculate the greatest common divisor of 9552 and 19010868.
2388
What is the highest common divisor of 96839 and 61218?
179
Calculate the greatest common factor of 11756 and 313.
1
What is the highest common divisor of 91793056 and 5072?
5072
What is the greatest common divisor of 3950 and 572775?
25
Calculate the greatest common factor of 95929784 and 457.
457
What is the highest common factor of 37786 and 7616?
14
Calculate the highest common factor of 1284959 and 32608.
1019
Calculate the greatest common divisor of 90702504 and 8904.
1272
Calculate the greatest common divisor of 4368 and 1467144.
168
Calculate the highest common divisor of 241721 and 29563.
1739
What is the highest common divisor of 6312270 and 45?
15
Calculate the highest common factor of 2021 and 965479.
43
Calculate the highest common factor of 46916480 and 104.
104
What is the highest common factor of 332 and 446607313?
83
What is the greatest common divisor of 19729231 and 17?
17
What is the greatest common factor of 256331 and 2987?
29
Calculate the highest common divisor of 2155 and 787850.
5
Calculate the highest common divisor of 302073490 and 138.
46
Calculate the greatest common divisor of 252 and 5049504.
36
Calculate the highest common divisor of 3773 and 2053051.
539
Calculate the highest common divisor of 325 and 1761994.
13
What is the highest common factor of 45088940 and 52?
52
What is the highest common factor of 102 and 19616351?
17
What is the highest common divisor of 35556858 and 54?
18
What is the highest common factor of 53778677 and 59?
59
What is the greatest common factor of 2272 and 1606276736?
2272
What is the highest common factor of 6195600 and 864000?
3600
What is the highest common divisor of 120090523 and 147?
49
Calculate the highest common factor of 3533069 and 114.
19
Calculate the greatest common divisor of 117520119 and 27.
27
Calculate the highest common divisor of 572062 and 2182722.
5554
Calculate the highest common divisor of 247 and 48999119.
247
Calculate the highest common divisor of 30 and 24005.
5
What is the greatest common divisor of 39250 and 857500?
250
What is the highest common divisor of 7284026 and 2536?
634
Calculate the highest common factor of 536 and 52200.
8
What is the highest common factor of 29604359 and 973?
139
Calculate the highest common factor of 393353 and 29945.
113
Calculate the greatest common divisor of 12806366 and 62.
2
What is the highest common divisor of 35505 and 364878?
27
What is the greatest common factor of 12525 and 780391?
167
Calculate the greatest common factor of 606 and 7374.
6
Calculate the greatest common divisor of 349167 and 41769.
273
Calculate the greatest common divisor of 1368771077 and 38.
19
Calculate the highest common factor of 308 and 44798369.
77
Calculate the highest common divisor of 970 and 1434145.
485
What is the greatest common divisor of 56994511 and 119?
7
What is the greatest common factor of 243 and 302728266?
81
What is the greatest common divisor of 434280 and 20130?
330
Calculate the highest common divisor of 5519763 and 176571.
7677
What is the greatest common divisor of 3079890 and 172142?
2074
What is the highest common factor of 2521987 and 23491?
169
What is the greatest common divisor of 13855 and 211735?
85
Calculate the greatest common factor of 15663799 and 4953.
127
What is the greatest common divisor of 7473 and 16215774?
159
What is the highest common factor of 106540461 and 522?
261
Calculate the highest common factor of 273812 and 11968.
44
Calculate the greatest common factor of 4146878 and 68.
34
Calculate the greatest common divisor of 252 and 422028.
36
Calculate the greatest common factor of 324088 and 17680.
136
Calculate the highest common factor of 241654 and 109634.
574
What is the greatest common divisor of 333 and 17480909?
37
Calculate the greatest common divisor of 12 and 15711396.
12
Calculate the highest common factor of 6018 and 906240.
354
Calculate the greatest common divisor of 3290166 and 8404.
4202
Calculate the highest common divisor of 19205341 and 10195.
2039
What is the greatest common factor of 104 and 33853752?
8
Calculate the highest common factor of 454080 and 2381280.
5280
Calculate the highest common factor of 1848 and 3744356.
308
Calculate the highest common factor of 60273 and 259192.
181
Calculate the highest common factor of 1509359 and 4163.
181
What is the greatest common factor of 197917 and 60019?
47
Calculate the highest common factor of 1530882 and 288.
18
What is the highest common factor of 38 and 10310331?
19
Calculate the greatest common divisor of 3593672 and 40.
8
What is the greatest common factor of 34425164 and 32?
4
Calculate the greatest common factor of 11477 and 337249.
23
What is the greatest common factor of 82432506 and 276?
138
Calculate the highest common divisor of 17721 and 6226803.
99
What is the greatest common factor of 310 and 141325962?
62
What is the highest common factor of 305053645 and 741?
247
Calculate the highest common divisor of 4221 and 5963.
67
What is the highest common divisor of 11242 and 440314?
14
Calculate the highest common factor of 43 and 16464614.
43
Calculate the greatest common factor of 89850 and 44299644.
3594
Calculate the greatest common divisor of 2449 and 158906.
31
Calculate the highest common factor of 1329607531 and 707.
707
Calculate the highest common factor of 92926 and 153759.
479
What is the highest common factor of 33250 and 111815?
95
What is the highest common factor of 40955169 and 309?
309
What is the greatest common factor of 2952 and 5140088?
328
Calculate the greatest common factor of 19 and 298488727.
19
Calculate the greatest common divisor